t v be z(2). Let f(h) = h**2 - 4*h - 7. Let b be f(v). Suppose 88 = b*t + 23. What is the tens digit of t?
1
Let u = 40 + -14. Let h = u - -29. What is the units digit of h?
5
What is the units digit of 1 - -1 - (-180)/((-10)/(-5))?
2
Suppose 27*n - 30*n + 1029 = 0. What is the hundreds digit of n?
3
Let v(l) = -l + 9. Let m(c) = c - 10. Let w(n) = -5*m(n) - 4*v(n). Let b be w(8). What is the tens digit of (-45)/b*176/(-20)?
6
Let a(q) = q**3 + 5*q**2 + 3*q + 1. Let x = -8 + 11. Suppose -z = 2*h + x, -4*h + h - 6 = z. What is the units digit of a(h)?
0
Let u(o) = -12*o**3 - 8*o**2 - 7*o - 1. What is the hundreds digit of u(-4)?
6
Let i be ((-4)/8 - -1)*24. Suppose -6*j + i = -5*j. Suppose -5*b + 23 + 22 = -2*f, -b + f = -j. What is the units digit of b?
7
Suppose -k = t - 2*k - 479, 0 = -3*k - 15. What is the tens digit of t?
7
Let q = -379 - -549. Let w = 57 + q. What is the hundreds digit of w?
2
Suppose -6*b - b = -189. Suppose -3*z - 156 = -3*l + b, l - 49 = -2*z. What is the units digit of l?
7
Suppose -3*n - 3573 = 3*v - 7*v, 1784 = 2*v - 4*n. What is the hundreds digit of v?
8
Let r(n) = -4*n**3 + 6*n**2 + 16*n + 1. What is the units digit of r(-4)?
9
Let a be 5 + -1 + -1 - 1. Suppose 5*j - 5*o = 0, 5*j - 14 = -0*j - a*o. Suppose -3*v + 26 = -j*v. What is the tens digit of v?
2
Let o = 10 + 6. Suppose -2*z - o = -6*z. Suppose -y + z*m + 5 = -15, -3*m - 19 = -y. What is the tens digit of y?
1
Suppose -55 - 41 = v. Let u = v - -269. What is the hundreds digit of u?
1
Suppose h + f = -3*h + 20, -5 = -h + 5*f. Suppose 2*q - 154 = -2*o, -h*o = -q - 4*o + 71. What is the units digit of q?
4
Suppose -11*o = -22*o + 8140. What is the units digit of o?
0
Let p = 4698 + -2256. What is the tens digit of p?
4
Let v(j) = j**2 - 17*j + 16. Let k be v(14). Let l = 101 + k. What is the tens digit of l?
7
What is the hundreds digit of (-52)/104*(-398 - 0)?
1
Suppose r - 11 = -2*o - 2*r, -3*r + 19 = 4*o. Suppose 0 = -4*b + o, -4*c + 7*c + 1 = 4*b. What is the tens digit of c/(-5) + (-808)/(-40)?
2
Let l be (12/(-10)*1)/((-16)/(-720)). What is the tens digit of (-2)/(-6) + 3/(l/(-3144))?
7
Suppose 4*j = 223 + 465. Let r = -111 + j. What is the units digit of r?
1
Let n(c) = c**2 - 4*c + 5. Let g be n(4). Let m(y) = -y + g*y - 9 + y + 7*y. What is the units digit of m(4)?
9
Suppose 5*y + 2*h - 2 = 0, -y + 4*h - h = -14. Suppose -2*k + y*m + 8 = 0, 0*m - 2*m = -4*k + 14. Suppose 4*f - 51 = k*f. What is the tens digit of f?
5
Suppose 5*g - 5*l + 36 = g, 4*g + 48 = 2*l. What is the units digit of 21/g*6/9*-1?
1
Suppose 2*y = -5*h - 0 - 2, 2*h - 16 = -5*y. Suppose 924 = 33*s - 22*s. Suppose s = y*j - 72. What is the tens digit of j?
3
Let k = 65 + -58. Let x(g) = 3*g + 10. What is the tens digit of x(k)?
3
Suppose l = -3*b + 24, -5*b + 5*l - 17 = -57. Suppose -2*x - 25 = 1. Let t = b - x. What is the tens digit of t?
2
Suppose 2*d - 161 = -r, -2*r + 3*d - 2*d + 322 = 0. What is the units digit of r?
1
Suppose -285 = u + 2*u. Let c = -68 - u. What is the units digit of c?
7
Suppose 6*z - 36 = 12*z. What is the hundreds digit of 31/93 + (-658)/z?
1
Let b = 20 + 35. Let l = -40 + b. What is the tens digit of l?
1
Suppose 5*y - 2599 - 1896 = 0. What is the tens digit of y?
9
Let y(a) = 145*a**2 - 29*a - 28. What is the units digit of y(-1)?
6
What is the hundreds digit of (-35)/(-14) + -2 + 1346/4?
3
Suppose -16*s + 45752 = 22*s. What is the tens digit of s?
0
Let v(b) = -b + 15. Let k be v(11). Suppose -348 = -k*d + 2*u, -9*d + 441 = -4*d - u. What is the tens digit of d?
8
Suppose 4*w = -5*o - 259, 0 = 4*w - 5*o + 98 + 211. Let q = 86 + w. What is the units digit of q?
5
Let i(x) = x**3 - x**2 + 2*x + 148. Let g be i(0). Suppose -2*r + 380 = 2*b, 2*b - 244 = r + g. Suppose 4*k + 22 = b. What is the units digit of k?
3
Let u = -73 + 203. Suppose -5*c + 500 = -u. What is the tens digit of c?
2
Let k(w) = -w**3 - 5*w**2 - 5*w + 4. Let l be k(-4). Suppose l*h - 93 = 5*h. Let f = -17 + h. What is the units digit of f?
4
Let c(u) be the third derivative of -u**6/60 - u**5/60 - u**4/24 + 2*u**3/3 - 6*u**2. What is the tens digit of c(-4)?
2
Suppose -27 = -3*w - 12. Let x(j) = -j**3 + 6*j**2 - 5*j. Let q be x(w). Suppose 12 = -q*f + 4*f. What is the units digit of f?
3
Suppose 0 = -5*s - 3*d + 25, 5*d = 4*s - 6*s + 29. Let l = -12 + 83. Suppose -l = -s*u + 21. What is the tens digit of u?
4
Let i(f) = -f**3 - 9*f**2 - 6*f + 9. Let v be i(-8). Let p = v - 13. What is the units digit of (4 + p/6)*36?
4
Let w(f) be the third derivative of -f**5/60 + 19*f**4/24 + 5*f**3/3 - 26*f**2. Let q = -23 + 39. What is the tens digit of w(q)?
5
Let t be 2*4/(-8) - -9. Let m = -5 + t. Suppose 2*o = -m*x - 2*o + 24, 0 = -o - 3. What is the tens digit of x?
1
Let n(t) = -29*t - 22*t - 69*t. Let o be n(-1). Suppose 6*y - o = 132. What is the units digit of y?
2
Let r = 51 - 51. Suppose 4*k - 5*o - 389 = r, -125 + 24 = -k + 5*o. What is the tens digit of k?
9
Let u(o) be the third derivative of -11*o**4/24 - 5*o**3/3 - 14*o**2. What is the units digit of u(-7)?
7
Let g(u) be the third derivative of -u**5/60 - 11*u**4/24 + 23*u**3/6 + 9*u**2. What is the tens digit of g(-12)?
1
Let a = -2 + 1. Let f be (2/10 - a)*-10. Let d = -5 - f. What is the units digit of d?
7
Suppose -5624 = -270*f + 266*f. What is the thousands digit of f?
1
Let c(h) = 301*h**2 + 3*h + 5. What is the hundreds digit of c(-1)?
3
Suppose -3*u + 1250 = -2*u. What is the units digit of u?
0
Let v = 57 - -20. What is the units digit of v?
7
Let h(y) = 38*y**2 + 5*y - 38. What is the units digit of h(4)?
0
Let s be 10/(-15)*(-150)/(-4). What is the units digit of (-16)/(-10) + (-10)/s?
2
Let b be ((-4)/(-12))/(-3 - 38/(-12)). Suppose 29 = b*c - 173. What is the tens digit of c?
0
Let z = 31 + -16. Suppose 3*s + z = 0, s = -3*r - 4*s + 128. What is the tens digit of r?
5
Suppose 5*u = 4*s + 1141, 2*u - 4*s + 89 = 543. What is the tens digit of u?
2
Suppose 0 = 2*v + 3*f - 2002, 4*v + 2*f - 1520 - 2484 = 0. What is the tens digit of v?
0
Let o(k) = -k**2. Let f(a) = a**2 - 14*a - 4. Let s(h) = f(h) + 2*o(h). Let t(w) be the first derivative of s(w). What is the units digit of t(-13)?
2
Let t(v) = -12*v - 19. Let k be t(-4). Suppose 70 + k = m. What is the units digit of m?
9
Suppose -336 = -3*q - 13*q. What is the tens digit of q?
2
Let l(r) = -9*r**2 - 21*r - 21. Let j(i) = -i**2 - 2*i - 2. Let b(m) = -63*j(m) + 6*l(m). What is the units digit of b(-1)?
9
Suppose -5*t + 2*r - 32 = 0, -4*r - 11 = 5*t + 15. Let h be (-920)/t - (-4)/6. Let s = h + -104. What is the units digit of s?
0
Let n(y) = -4*y + 5*y - 3*y - 15 + 5*y**2 + 4. What is the tens digit of n(5)?
0
Let q be 13*-1 + (10 - 4)/(-6). What is the units digit of (-2290)/(-35) + 6/q?
5
Let j(y) = -2*y**3 - 3*y**2 + 3*y - 3. Let s be j(3). Let o = 146 + s. What is the units digit of o?
1
Let x(c) = -c + 16. Let w be ((-3)/(-9))/(2/(-186)). Let n = -20 - w. What is the units digit of x(n)?
5
Suppose 4*h + 10 - 70 = -4*j, -20 = -h - 2*j. Let w(t) = 5*t + 47. What is the units digit of w(h)?
7
Let x(r) = -250*r - 27. What is the tens digit of x(-7)?
2
Suppose 3*f + s = 295, 17 = -f - 4*s + 119. Suppose 2*j + f = -5*q + 6*q, -420 = -5*q - 4*j. What is the units digit of q?
8
Suppose -92 = -0*c + 4*c. Let r = 244 + c. What is the tens digit of r?
2
What is the thousands digit of 14/(168/(-54))*-398?
1
Let x(m) = -m - 9. Let y be x(-14). Suppose 4*n - 5*i = 665, 2*n - 2*i + 493 = y*n. Suppose 2*g = -3*g + n. What is the units digit of g?
3
Let d = 42 + -7. Suppose -5*j = -o + 3*o - d, -2*j = -o - 5. Suppose 0 = -o*x + 1 + 69. What is the tens digit of x?
1
Let i be ((-72)/10)/((-27)/90). Suppose 33 = -4*c + 3*y, -3*c - i = -c - 4*y. Let s = c - -36. What is the tens digit of s?
3
Let z(t) = 3*t - 7. Let a be z(4). Suppose 2*x - 15 = a*f, f + 3*x - 4*x = -6. What is the units digit of f/4 - 2124/(-48)?
4
Suppose 4*w = -8*g + 6*g + 1498, 3690 = 5*g - w. What is the hundreds digit of g?
7
Suppose 5*x + 4 = -3*n - 17, -x - 4*n - 11 = 0. Let i(j) = 1 + 0*j - j**3 - 3*j - 2 - 2*j**2. What is the tens digit of i(x)?
1
Let f(r) = r + 6. Let n be f(-9). What is the units digit of n/(-4) - (-269)/4?
8
Let w(f) = 45*f + 243. What is the hundreds digit of w(24)?
3
Suppose 5*d - 5*c 